digit of 4892211?
2
What is the thousands digit of 217850?
7
What is the tens digit of 103502?
0
What is the units digit of 1836656?
6
What is the units digit of 433591?
1
What is the millions digit of 10773632?
0
What is the millions digit of 21587053?
1
What is the hundred thousands digit of 969854?
9
What is the hundred thousands digit of 1470917?
4
What is the units digit of 9914946?
6
What is the millions digit of 12381836?
2
What is the hundred thousands digit of 603240?
6
What is the tens digit of 6822956?
5
What is the thousands digit of 291519?
1
What is the units digit of 146122?
2
What is the tens digit of 329663?
6
What is the hundred thousands digit of 3120611?
1
What is the hundred thousands digit of 3977979?
9
What is the hundred thousands digit of 1486256?
4
What is the ten thousands digit of 173263?
7
What is the tens digit of 204846?
4
What is the tens digit of 210027?
2
What is the tens digit of 209340?
4
What is the ten thousands digit of 61984?
6
What is the units digit of 4779804?
4
What is the hundred thousands digit of 1652877?
6
What is the units digit of 295443?
3
What is the hundreds digit of 10519179?
1
What is the thousands digit of 72123?
2
What is the millions digit of 9139673?
9
What is the thousands digit of 1030566?
0
What is the ten thousands digit of 251496?
5
What is the tens digit of 157410?
1
What is the units digit of 257404?
4
What is the thousands digit of 2279679?
9
What is the millions digit of 1412371?
1
What is the tens digit of 1151279?
7
What is the millions digit of 8106239?
8
What is the units digit of 1144399?
9
What is the hundreds digit of 285844?
8
What is the units digit of 499510?
0
What is the units digit of 249051?
1
What is the units digit of 1248226?
6
What is the ten thousands digit of 1133498?
3
What is the tens digit of 7482?
8
What is the ten thousands digit of 1034357?
3
What is the thousands digit of 50798?
0
What is the hundred thousands digit of 875409?
8
What is the ten thousands digit of 175844?
7
What is the thousands digit of 1708680?
8
What is the thousands digit of 6865906?
5
What is the ten thousands digit of 115238?
1
What is the units digit of 2065594?
4
What is the hundred thousands digit of 299318?
2
What is the thousands digit of 435315?
5
What is the thousands digit of 136474?
6
What is the millions digit of 1044132?
1
What is the hundred thousands digit of 236950?
2
What is the ten thousands digit of 147347?
4
What is the ten thousands digit of 900858?
0
What is the hundreds digit of 275564?
5
What is the ten thousands digit of 5265441?
6
What is the hundreds digit of 15661645?
6
What is the tens digit of 24776?
7
What is the hundreds digit of 4110593?
5
What is the thousands digit of 513961?
3
What is the tens digit of 2062982?
8
What is the hundreds digit of 1637393?
3
What is the ten millions digit of 26880224?
2
What is the units digit of 137430?
0
What is the hundreds digit of 2505?
5
What is the ten thousands digit of 1493447?
9
What is the ten thousands digit of 3822125?
2
What is the hundreds digit of 1152840?
8
What is the thousands digit of 281217?
1
What is the millions digit of 1244063?
1
What is the hundred thousands digit of 799064?
7
What is the millions digit of 1318634?
1
What is the hundred thousands digit of 764678?
7
What is the tens digit of 4393701?
0
What is the units digit of 13675332?
2
What is the tens digit of 1359068?
6
What is the hundred thousands digit of 1188108?
1
What is the ten thousands digit of 230028?
3
What is the hundreds digit of 442004?
0
What is the hundreds digit of 24841135?
1
What is the thousands digit of 45341?
5
What is the thousands digit of 83555?
3
What is the units digit of 429287?
7
What is the thousands digit of 8682679?
2
What is the hundreds digit of 1510877?
8
What is the ten thousands digit of 640186?
4
What is the units digit of 10737023?
3
What is the ten thousands digit of 685006?
8
What is the ten millions digit of 13014906?
1
What is the ten thousands digit of 842140?
4
What is the hundred thousands digit of 1255211?
2
What is the tens digit of 856261?
6
What is the thousands digit of 2418999?
8
What is the hundred thousands digit of 2373392?
3
What is the hundred thousands digit of 15304734?
3
What is the thousands digit of 10845728?
5
What is the hundreds digit of 159714?
7
What is the tens digit of 3044694?
9
What is the hundred thousands digit of 284446?
2
What is the thousands digit of 234724?
4
What is the tens digit of 795141?
4
What is the hundred thousands digit of 15249305?
2
What is the ten thousands digit of 1885524?
8
What is the thousands digit of 20530?
0
What is the millions digit of 9361313?
9
What is the units digit of 1831813?
3
What is the ten millions digit of 16281825?
1
What is the ten thousands digit of 8522096?
2
What is the hundred thousands digit of 132427?
1
What is the hundred thousands digit of 447254?
4
What is the millions digit of 1634178?
1
What is the hundreds digit of 229153?
1
What is the tens digit of 750227?
2
What is the hundreds digit of 103755?
7
What is the tens digit of 3904675?
7
What is the hundred thousands digit of 3094250?
0
What is the tens digit of 490991?
9
What is the millions digit of 1086016?
1
What is the tens digit of 279650?
5
What is the ten thousands digit of 349617?
4
What is the units digit of 89189?
9
What is the thousands digit of 1721188?
1
What is the thousands digit of 7023119?
3
What is the tens digit of 508336?
3
What is the millions digit of 6770176?
6
What is the thousands digit of 383058?
3
What is the thousands digit of 150165?
0
What is the units digit of 1878369?
9
What is the tens digit of 1291863?
6
What is the hundreds digit of 309966?
9
What is the millions digit of 1884112?
1
What is the hundred thousands digit of 28626245?
6
What is the ten thousands digit of 2667718?
6
What is the hundred thousands digit of 477190?
4
What is the hundred thousands digit of 2140576?
1
What is the hundred thousands digit of 2729210?
7
What is the hundreds digit of 161662?
6
What is the tens digit of 27270?
7
What is the millions digit of 2289603?
2
What is the hundreds digit of 699194?
1
What is the units digit of 226726?
6
What is the tens digit of 39866?
6
What is the ten thousands digit of 3338348?
3
What is the units digit of 95346?
6
What is the units digit of 785040?
0
What is the hundred thousands digit of 1176891?
1
What is the hundreds digit of 5994857?
8
What is the tens digit of 6197044?
4
What is the units digit of 165966?
6
What is the tens digit of 5701?
0
What is the hundreds digit of 396486?
4
What is the hundreds digit of 2587792?
7
What is the units digit of 200482?
2
What is the thousands digit of 57235?
7
What is the ten thousands digit of 2845966?
4
What is the millions digit of 2068044?
2
What is the units digit of 321689?
9
What is the units digit of 51074?
4
What is the units digit of 250352?
2
What is the hundreds digit of 3948305?
3
What is the units digit of 260954?
4
What is the tens digit of 154032?
3
What is the units digit of 4267007?
7
What is the ten thousands digit of 1040918?
4
What is the ten thousands digit of 626053?
2
What is the thousands digit of 1089955?
9
What is the thousands digit of 5378193?
8
What is the tens digit of 895914?
1
What is the thousands digit of 62721?
2
What is the tens digit of 23860116?
1
What is the tens digit of 5903838?
3
What is the units digit of 356553?
3
What is the hundreds digit of 1453140?
1
What is the ten thousands digit of 396245?
9
What is the hundreds digit of 2438343?
3
What is the thousands digit of 62693?
2
What is the ten thousands digit of 2863738?
6
What is the hundred thousands digit of 16578472?
5
What is the hundreds digit of 1238011?
0
What is the thousands digit of 278237?
8
What is the thousands digit of 3917393?
7
What is the units digit of 2251502?
2
What is the hundred thousands digit of 898936?
8
What is the units digit of 26451?
1
What is the hundreds digit of 289776?
7
What is the millions digit of 2579894?
2
What is the hundreds digit of 14199?
1
What is the ten thousands digit of 23212495?
1
What is the thousands digit of 1116831?
6
What is the thousands digit of 1223613?
3
What is the thousands digit of 239534?
9
What is the thousands di